3 - j**2 + j + 1. What is m(r)?
-7
Suppose 4*m - 23 = s - 0*m, 0 = -3*s + 3*m - 33. Let y(a) = -a**2 - 6*a + 10. Determine y(s).
3
Let i(o) = -2*o + 5*o + 0 - 7. Let z = 1 - -4. Determine i(z).
8
Let j(k) = -k**2 - 4*k + 5. Let d be 1*(0 + -2)*(-15)/(-6). Determine j(d).
0
Let a = 51 - 33. Suppose -2*d + 2*h - a = 0, -4*d = -3*h + 3 + 29. Let y(r) = r - 6. Determine y(d).
-11
Let f = -10 + 6. Let t = f + 2. Let k = 1 + t. Let s(l) = 3*l**3 - l**2 - l. Give s(k).
-3
Let s(u) = 4 + u - 3*u + 0*u. Suppose -6*q = -19 - 5. What is s(q)?
-4
Let x(n) be the second derivative of -n**4/24 - 5*n**3/3 + 3*n**2 + 2*n. Let j(w) be the first derivative of x(w). Determine j(-8).
-2
Let i(t) = -t + 1. Let c(r) = -5*r + 4. Suppose 5*m - 4 = 6. Let o(x) = m*c(x) - 11*i(x). What is o(5)?
2
Let k(n) = 4*n - 1. Let c be ((-24)/(-16))/((-2)/(-4)). Suppose 2*m - c = 5*m. Let o be (m - (-1)/2)*2. Give k(o).
-5
Let l(a) = -a + 1. Let h(f) = 8*f - 1. Let m(i) = h(i) + 6*l(i). Let r(b) = -4*b - 9. Let v(o) = -7*m(o) - 4*r(o). Determine v(4).
9
Let h be (-68)/(-1 + 0 + -1). Let x(a) = h - 34 + a. Determine x(-1).
-1
Let a(t) = -t**3 + t**2. Let y(r) = -3*r**3 - 4*r**2 + 3*r + 9. Let d(s) = -2*a(s) + y(s). Determine d(-6).
-9
Let t(f) be the third derivative of f**6/120 - f**5/60 - f**4/24 - 3*f**2. Suppose -4*p = -0*p - 8. Calculate t(p).
2
Let t(r) = 3*r**3 + 3*r - 24. Let g(v) = -v**3 - v + 8. Let u = 4 - 2. Suppose u*h + 0*h = 14. Let d(z) = h*g(z) + 2*t(z). Calculate d(0).
8
Let c(b) = -7*b**3 - 3*b**2 - 3*b + 15. Let u(h) = 3*h**3 + h**2 + h - 7. Let z be 14/7 - 1*11. Let g(r) = z*u(r) - 4*c(r). Give g(-3).
-6
Let y(v) = 2*v**2 - 2 - 4*v + 3*v**2 - v**3 + 1. Calculate y(4).
-1
Let p(d) = d - 4*d - 8 + 7. Let n(w) = -w. Let h(i) = 4*n(i) - 2*p(i). Give h(2).
6
Let s(m) = -6*m + 5 + 5*m - 2 - 1 + 0*m. Let a = -13 + 7. Determine s(a).
8
Let p(k) = -k - 4. Let v(y) = -y**3 + 9*y**2 - 9*y + 10. Let i be v(8). Let c be p(i). Let u(a) = a + 4. Give u(c).
-2
Let m be 3/(-12) + 13/4. Let u(l) = -4*l**2 + 2*l**m - l + 8*l**2 + 3*l. Let k be 2*(-1)/(2/2). Determine u(k).
-4
Let b(j) = 2*j + 2. Let h(p) = p + 1. Let o(r) = 2*b(r) - 5*h(r). Let i(c) = -c + 7. Let x be i(3). Let k = x + -8. Determine o(k).
3
Let z = 65/138 + 2/69. Let y(s) be the second derivative of -1/12*s**4 - 2*s**2 - 2*s + z*s**3 + 0. Give y(3).
-4
Let x(v) = 7*v**2 - 6*v - 1. Let h(c) = 6*c**2 - 6*c - 1. Let o(u) = 6*h(u) - 5*x(u). Give o(5).
-6
Let l(s) = s + 4. Let t(c) = -5*c + 20. Let v be t(4). What is l(v)?
4
Let q(l) be the first derivative of -3*l**2/2 - 3*l - 8. Let g be 1*2 - 0/2. Let h(p) = 7*p + 6. Let r(m) = g*h(m) + 5*q(m). Calculate r(-5).
2
Let p(t) = -2*t - 1. Let i = -7 - -8. Calculate p(i).
-3
Suppose 3*p = 2*l + 3, -17*p + 20*p - 18 = -3*l. Let z(q) = q**3 - 3*q**2 - 2*q + 3. Determine z(l).
-3
Let t(y) = -5*y**2 - 1. Suppose -s - 45 = 4*s. Let m be -7 - s - (0 - 0). Suppose m*d - 2 = -0*d. What is t(d)?
-6
Let g(t) be the second derivative of -t**3/3 - 2*t. Let f be g(1). Let l be 75/(-27) + f/9. Let j(r) = -2*r - 3. Calculate j(l).
3
Let c be 2/(12/(-9))*-14. Let n = c - 7. Suppose 3*k = 2*q - k - 6, 2*q + 4*k = n. Let l(j) = -j + 5. Calculate l(q).
0
Let v(z) = -z + 1. Suppose 2*d = -24 + 16. Calculate v(d).
5
Suppose 0 = f - 0 - 1. Let d(l) = -7*l + 1. Determine d(f).
-6
Let r be 3 - -5*(-2 - 13/(-5)). Let v(l) be the second derivative of -l**4/12 + 5*l**3/6 + 5*l**2/2 + l. Determine v(r).
-1
Let b(v) = -5*v**3 + 17*v**2 - 3. Let t(l) = -3*l**3 + 9*l**2 - 1. Let p(x) = -4*b(x) + 7*t(x). Calculate p(-5).
5
Let x(w) = 12*w**2 + w + 1. Let r(h) = h**2. Let j(o) = -4*r(o) + x(o). Suppose -8*u = -4*u - 20. Suppose -15 = -u*p, -2*s + p - 6 = -1. What is j(s)?
8
Let o(p) = -3 - 3*p + p**2 - p + 0*p - p. Calculate o(6).
3
Let b = -72 - -69. Let j(y) = 4*y. Let s(c) = 5*c - 1. Let t(r) = 3*j(r) - 2*s(r). What is t(b)?
-4
Let r(d) = -2*d. Let m be 1*2 - (1 + -3). Suppose -5*i - 12 = 2*p, -m*i = -2*p + 3*p + 9. Let f(c) = -2*c**2 - 2*c + 2. Let a be f(i). Determine r(a).
4
Let p(k) = -11*k**2 - 4*k + 7. Let o(g) = 7*g**2 + 3*g - 5. Let a(z) = -3*z + 4. Let r be a(3). Let i(t) = r*p(t) - 8*o(t). Give i(-5).
0
Let r(l) = 4 + l + l**3 - 4*l**3 + 5*l**3 - 3*l**3. Let q be (-1)/2*0/(-1). Let s be r(q). Let u(h) = -h + 2. Give u(s).
-2
Let s be (15/(-2) - -10) + (-2)/4. Let h(v) = -8*v - 1. Determine h(s).
-17
Let l be ((-12)/(-8))/((-3)/(-6)). Let u(k) = -4*k - l + 6*k + 0. What is u(2)?
1
Let h(m) = -8*m. Suppose 7 = -3*g + 5*g - r, -12 = -2*g + 2*r. Give h(g).
-8
Let f(o) = 7*o**2 - 3*o**3 + 4*o**3 - 7*o - 10*o**2 + 1. Suppose 2*z = -3*z + 25. Determine f(z).
16
Let m(q) = q**3 - 6*q**2 + 3*q + 3. Suppose -45*k + 20 = -41*k. Determine m(k).
-7
Let a = 1 - -4. Let k = 8 - a. Let f(b) = 3*b + 2. Calculate f(k).
11
Suppose 3*y - 5*n = -n + 3, -y + 9 = -4*n. Let h(p) = 4*p**2 + 2*p + 4. Let z(w) = -w**2. Let b(m) = -h(m) - 3*z(m). Determine b(y).
-7
Let l(t) = 9 - 12 - 3*t + 6. Give l(-4).
15
Let j = -18 - -23. Let a(z) = z**2 - 8*z + 7. Determine a(j).
-8
Let x(y) = -y**3 + 9*y**2 + 2*y - 8. Let v be 2/4 + 17/2. What is x(v)?
10
Let s be (-18)/(-27)*(-18)/(-4). Suppose -m = -s*m + 12. Let r(k) = 2*k - 6. Calculate r(m).
6
Let u(b) = -3*b**2 + b - 5. Let a(o) = 2*o**2 - o + 3. Let z(i) = -5*a(i) - 3*u(i). Let p(r) = -r**2 + 3*r - 1. Let m(c) = -4*p(c) + 3*z(c). Give m(6).
4
Suppose 0 = b - 5*g - 18, 2*b - 4*g = -2*g + 12. Let a(x) be the second derivative of 0 + 1/2*x**b + x - 3*x**2. Determine a(4).
6
Let c(n) be the first derivative of -4*n**2 + n - 12. Give c(1).
-7
Let t be (-10)/2*(-2)/2. Let f = 10 - t. Let x(y) = -y + 1. Let m(c) = -2*c + 2. Let j(h) = -3*m(h) + 4*x(h). Give j(f).
8
Let d(c) = c - 4. Suppose 7*i = 6*i + 2. Let t be d(i). Let m(y) = y**3 - y. Calculate m(t).
-6
Let v(a) = a**3 + 5*a**2 - 3*a + 8. Suppose -15*i + 13*i - 12 = 0. Give v(i).
-10
Suppose -2*a + 2 = -8, 3 = 4*t - a. Let s(k) = 2 + 3 - k**t + 3*k - 2. Give s(4).
-1
Let d(z) = 5*z - 1. Let u be d(-1). Let q(k) = -k**3 - 6*k**2. Let y be q(u). Let h(o) = -4*o + 0*o - 7 + 3*o. Determine h(y).
-7
Let z = 9 - 9. Let u(j) be the third derivative of 1/120*j**6 - j**2 + 0*j + 1/20*j**5 - 1/6*j**4 + 1/6*j**3 + z. What is u(-4)?
1
Suppose -4 = -2*g + 4. Let c(l) = -l**3 - l**2 + l + 1. Let r(v) = 3*v**3 - v**2 - 5*v. Let t(b) = 2*c(b) + r(b). Determine t(g).
6
Let u(o) = o - 2. Let c(h) = -h**2 - 6*h - 3. Let z = 3 + -7. Let a be c(z). Calculate u(a).
3
Let t be ((-5)/1 - -7)*3/(-2). Let y(a) = -3*a - 2. What is y(t)?
7
Suppose 2*g = g. Let n(z) = 11*z - 23. Let l(q) = 10 - 8*q + q + 2*q + 1. Let k(w) = -13*l(w) - 6*n(w). Give k(g).
-5
Suppose 2*i + 34 = b - 5*b, 5*i + 25 = 2*b. Let d = 8 + i. Suppose -17 + d = 4*u. Let p(s) = s**2 + 6*s + 3. Determine p(u).
-5
Let o(g) = g**3 + 2*g**2 - 2*g - 2. Let m = -18 + 15. Give o(m).
-5
Let u(g) = -3*g**2 - 2*g**3 + 3*g**3 + 4*g**2 + 3. Suppose -4*l - 2*l = 0. Let v be 1*(-3)/(-6)*l. Calculate u(v).
3
Let w be -9 + 8/4 - -2. Let r(m) = m + 2. What is r(w)?
-3
Let i(z) = z**2 + 8*z + 1. Let s = -1 - 6. Let b be i(s). Let p(v) be the third derivative of -v**4/24 - 4*v**3/3 + v**2. Determine p(b).
-2
Let u(z) = -9*z**2 - 18*z + 16. Let q(a) = -5*a**2 - 9*a + 8. Let n(h) = 7*q(h) - 4*u(h). Calculate n(-9).
-8
Let j(c) = c - 5. Let w(g) = g**3 + 9*g**2 + 9*g + 8. Let f be w(-8). Let i be j(f). Let v(o) = 0*o**2 + 5*o**2 + o**3 + 0*o + 0*o - 3. Give v(i).
-3
Let r = -14 - -8. Let n be ((-2)/(0 + -2))/(-1). Let b = n - r. Let v(f) = f**3 - 6*f**2 + 3*f + 1. Give v(b).
-9
Suppose -2*h + 3 = -5. Suppose c + h - 1 = 0. Let n = 1 - c. Let q(d) = d**3 - 4*d**2 + 2. Determine q(n).
2
Let r(l) = 6*l - 1 - 2*l - 4*l + 9*l. Give r(-1).
-10
Let n be (0 + 0)/(10/5). Let h(f) be the second derivative of -3/2*f**2 + 1/6*f**3 + f + 0 - 1/12*f**4. Calculate h(n).
-3
Let o(x) = x + 14. Let w be o(-23). Let b(h) = -h**2 - 9*h - 6. Calculate b(w).
-6
Let h(b) = -b + 1. Let q(i) = i**2 - 1. Let l be q(-3). Let n = l + -5. Give h(n).
-2
Let u(c) = c**2 - 3*c + 6. Let o(a) = -2*a + a**2 - 2*a + 4 - 2*a**2 + 2*a**2. Suppose 2*k + 5*q = 13, 2*k = k - 2*q + 6. Let i be o(k). What is u(i)?
10
Let s(q) = -3*q + 1. Let t(i) = i + 9. Let n(k) = -2. Let c(m) = -9*n(m) - 2*t(m). Let d(y) = 6*c(y) - 5*s(y). Calculate d(